{"id":9572,"date":"2022-01-12T00:25:42","date_gmt":"2022-01-11T23:25:42","guid":{"rendered":"https:\/\/www.sylviebiollu.com\/site\/?post_type=product&#038;p=9572"},"modified":"2024-04-23T11:35:10","modified_gmt":"2024-04-23T09:35:10","slug":"collier-plaque-or-trio-apatite","status":"publish","type":"product","link":"https:\/\/www.sylviebiollu.com\/site\/collier-plaque-or-trio-apatite\/","title":{"rendered":"Collier plaqu\u00e9 or Trio Apatite 45 cm"},"content":{"rendered":"","protected":false},"excerpt":{"rendered":"<h2>Collier plaqu\u00e9 or avec chaine de longueur 45 cm et pierres fines.<\/h2>\n<p>Ornements : pendentif longueur 6 cm environ compos\u00e9 de 3 pierres naturelles en apatite carr\u00e9e et perles en plaque or et finition de 3 cha\u00eenettes en plaqu\u00e9 or.<\/p>\n","protected":false},"featured_media":9573,"comment_status":"closed","ping_status":"closed","template":"","meta":[],"product_brand":[383],"product_cat":[6],"product_tag":[361,127,154,128],"class_list":{"0":"post-9572","1":"product","2":"type-product","3":"status-publish","4":"has-post-thumbnail","6":"product_brand-sylvie-biollu","7":"product_cat-colliers","8":"product_tag-apatite","9":"product_tag-perle","10":"product_tag-pierre-naturelle","11":"product_tag-plaque-or","13":"first","14":"instock","15":"shipping-taxable","16":"purchasable","17":"product-type-simple"},"_links":{"self":[{"href":"https:\/\/www.sylviebiollu.com\/site\/wp-json\/wp\/v2\/product\/9572","targetHints":{"allow":["GET"]}}],"collection":[{"href":"https:\/\/www.sylviebiollu.com\/site\/wp-json\/wp\/v2\/product"}],"about":[{"href":"https:\/\/www.sylviebiollu.com\/site\/wp-json\/wp\/v2\/types\/product"}],"replies":[{"embeddable":true,"href":"https:\/\/www.sylviebiollu.com\/site\/wp-json\/wp\/v2\/comments?post=9572"}],"version-history":[{"count":1,"href":"https:\/\/www.sylviebiollu.com\/site\/wp-json\/wp\/v2\/product\/9572\/revisions"}],"predecessor-version":[{"id":9575,"href":"https:\/\/www.sylviebiollu.com\/site\/wp-json\/wp\/v2\/product\/9572\/revisions\/9575"}],"wp:featuredmedia":[{"embeddable":true,"href":"https:\/\/www.sylviebiollu.com\/site\/wp-json\/wp\/v2\/media\/9573"}],"wp:attachment":[{"href":"https:\/\/www.sylviebiollu.com\/site\/wp-json\/wp\/v2\/media?parent=9572"}],"wp:term":[{"taxonomy":"product_brand","embeddable":true,"href":"https:\/\/www.sylviebiollu.com\/site\/wp-json\/wp\/v2\/product_brand?post=9572"},{"taxonomy":"product_cat","embeddable":true,"href":"https:\/\/www.sylviebiollu.com\/site\/wp-json\/wp\/v2\/product_cat?post=9572"},{"taxonomy":"product_tag","embeddable":true,"href":"https:\/\/www.sylviebiollu.com\/site\/wp-json\/wp\/v2\/product_tag?post=9572"}],"curies":[{"name":"wp","href":"https:\/\/api.w.org\/{rel}","templated":true}]}}

Collier plaqué or Trio Apatite 45 cm

<h2>Collier plaqué or avec chaine de longueur 45 cm et pierres fines.</h2>
<p>Ornements : pendentif longueur 6 cm environ composé de 3 pierres naturelles en apatite carrée et perles en plaque or et finition de 3 chaînettes en plaqué or.</p>
