{"id":8661,"date":"2021-09-17T00:28:54","date_gmt":"2021-09-16T22:28:54","guid":{"rendered":"https:\/\/www.sylviebiollu.com\/site\/?post_type=product&#038;p=8661"},"modified":"2023-03-29T19:04:57","modified_gmt":"2023-03-29T17:04:57","slug":"bracelet-fil-reglable-noumea","status":"publish","type":"product","link":"https:\/\/www.sylviebiollu.com\/site\/bracelet-fil-reglable-noumea\/","title":{"rendered":"Bracelet fil r\u00e9glable Noum\u00e9a"},"content":{"rendered":"","protected":false},"excerpt":{"rendered":"<h2>Bracelet fil r\u00e9glable en nylon attache type &#8220;macram\u00e9&#8221;, avec nacre.<\/h2>\n<p>Deux couleur de fil disponibles : clair ou sombre.<\/p>\n<p>Ornements : fleur nacre blanche 10 mm.<\/p>\n","protected":false},"featured_media":8662,"comment_status":"closed","ping_status":"closed","template":"","meta":[],"product_brand":[383],"product_cat":[10],"product_tag":[371,123],"class_list":{"0":"post-8661","1":"product","2":"type-product","3":"status-publish","4":"has-post-thumbnail","6":"product_brand-sylvie-biollu","7":"product_cat-bracelets","8":"product_tag-macrame","9":"product_tag-nacre","11":"first","12":"instock","13":"sold-individually","14":"shipping-taxable","15":"purchasable","16":"product-type-variable"},"_links":{"self":[{"href":"https:\/\/www.sylviebiollu.com\/site\/wp-json\/wp\/v2\/product\/8661","targetHints":{"allow":["GET"]}}],"collection":[{"href":"https:\/\/www.sylviebiollu.com\/site\/wp-json\/wp\/v2\/product"}],"about":[{"href":"https:\/\/www.sylviebiollu.com\/site\/wp-json\/wp\/v2\/types\/product"}],"replies":[{"embeddable":true,"href":"https:\/\/www.sylviebiollu.com\/site\/wp-json\/wp\/v2\/comments?post=8661"}],"version-history":[{"count":5,"href":"https:\/\/www.sylviebiollu.com\/site\/wp-json\/wp\/v2\/product\/8661\/revisions"}],"predecessor-version":[{"id":9701,"href":"https:\/\/www.sylviebiollu.com\/site\/wp-json\/wp\/v2\/product\/8661\/revisions\/9701"}],"wp:featuredmedia":[{"embeddable":true,"href":"https:\/\/www.sylviebiollu.com\/site\/wp-json\/wp\/v2\/media\/8662"}],"wp:attachment":[{"href":"https:\/\/www.sylviebiollu.com\/site\/wp-json\/wp\/v2\/media?parent=8661"}],"wp:term":[{"taxonomy":"product_brand","embeddable":true,"href":"https:\/\/www.sylviebiollu.com\/site\/wp-json\/wp\/v2\/product_brand?post=8661"},{"taxonomy":"product_cat","embeddable":true,"href":"https:\/\/www.sylviebiollu.com\/site\/wp-json\/wp\/v2\/product_cat?post=8661"},{"taxonomy":"product_tag","embeddable":true,"href":"https:\/\/www.sylviebiollu.com\/site\/wp-json\/wp\/v2\/product_tag?post=8661"}],"curies":[{"name":"wp","href":"https:\/\/api.w.org\/{rel}","templated":true}]}}