{"id":8392,"date":"2021-05-08T23:11:22","date_gmt":"2021-05-08T21:11:22","guid":{"rendered":"https:\/\/www.sylviebiollu.com\/site\/?post_type=product&#038;p=8392"},"modified":"2022-12-16T11:30:45","modified_gmt":"2022-12-16T10:30:45","slug":"collier-fantaisie-eloise","status":"publish","type":"product","link":"https:\/\/www.sylviebiollu.com\/site\/collier-fantaisie-eloise\/","title":{"rendered":"Collier fantaisie Eloise"},"content":{"rendered":"","protected":false},"excerpt":{"rendered":"<p>Collier fantaisie avec\u00a0cha\u00eene perl\u00e9e ros\u00e9e et fermoir plaqu\u00e9 or ou argent, de longueur r\u00e9glable de 40 cm \u00e0 43cm.<\/p>\n<p>Ornements :\u00a0mini perle de culture 6 mm.<\/p>\n","protected":false},"featured_media":8506,"comment_status":"open","ping_status":"closed","template":"","meta":[],"product_brand":[383],"product_cat":[6],"product_tag":[251],"class_list":{"0":"post-8392","1":"product","2":"type-product","3":"status-publish","4":"has-post-thumbnail","6":"product_brand-sylvie-biollu","7":"product_cat-colliers","8":"product_tag-perle-de-culture","10":"first","11":"instock","12":"shipping-taxable","13":"purchasable","14":"product-type-variable"},"_links":{"self":[{"href":"https:\/\/www.sylviebiollu.com\/site\/wp-json\/wp\/v2\/product\/8392","targetHints":{"allow":["GET"]}}],"collection":[{"href":"https:\/\/www.sylviebiollu.com\/site\/wp-json\/wp\/v2\/product"}],"about":[{"href":"https:\/\/www.sylviebiollu.com\/site\/wp-json\/wp\/v2\/types\/product"}],"replies":[{"embeddable":true,"href":"https:\/\/www.sylviebiollu.com\/site\/wp-json\/wp\/v2\/comments?post=8392"}],"version-history":[{"count":5,"href":"https:\/\/www.sylviebiollu.com\/site\/wp-json\/wp\/v2\/product\/8392\/revisions"}],"predecessor-version":[{"id":9306,"href":"https:\/\/www.sylviebiollu.com\/site\/wp-json\/wp\/v2\/product\/8392\/revisions\/9306"}],"wp:featuredmedia":[{"embeddable":true,"href":"https:\/\/www.sylviebiollu.com\/site\/wp-json\/wp\/v2\/media\/8506"}],"wp:attachment":[{"href":"https:\/\/www.sylviebiollu.com\/site\/wp-json\/wp\/v2\/media?parent=8392"}],"wp:term":[{"taxonomy":"product_brand","embeddable":true,"href":"https:\/\/www.sylviebiollu.com\/site\/wp-json\/wp\/v2\/product_brand?post=8392"},{"taxonomy":"product_cat","embeddable":true,"href":"https:\/\/www.sylviebiollu.com\/site\/wp-json\/wp\/v2\/product_cat?post=8392"},{"taxonomy":"product_tag","embeddable":true,"href":"https:\/\/www.sylviebiollu.com\/site\/wp-json\/wp\/v2\/product_tag?post=8392"}],"curies":[{"name":"wp","href":"https:\/\/api.w.org\/{rel}","templated":true}]}}