{"id":11930,"date":"2025-12-03T16:22:53","date_gmt":"2025-12-03T15:22:53","guid":{"rendered":"https:\/\/www.sylviebiollu.com\/site\/sautoir-ponponnette\/"},"modified":"2025-12-03T16:22:58","modified_gmt":"2025-12-03T15:22:58","slug":"sautoir-ponponnette","status":"publish","type":"product","link":"https:\/\/www.sylviebiollu.com\/site\/sautoir-ponponnette\/","title":{"rendered":"Sautoir ponponnette"},"content":{"rendered":"<p><strong>Sautoir en plaqu\u00e9 or cha\u00eene for\u00e7at, 60 cm et pendentif orn\u00e9 d&#8217;une barre Marine 20 mm et zirconiums et boule de mini Perles baroques. longueur pendentif total 3 cm \ufffc<\/strong><\/p>\n","protected":false},"excerpt":{"rendered":"<p>Sautoir en plaqu\u00e9 or cha\u00eene for\u00e7at, 60 cm et pendentif orn\u00e9 d&#8217;une barre Marine 20 mm et zirconiums et boule de mini Perles baroques. longueur pendentif total 3 cm \ufffc<\/p>\n","protected":false},"featured_media":11927,"comment_status":"open","ping_status":"closed","template":"","meta":[],"product_brand":[],"product_cat":[116,8],"product_tag":[481,434,593,180],"class_list":{"0":"post-11930","1":"product","2":"type-product","3":"status-publish","4":"has-post-thumbnail","6":"product_cat-nouveautes","7":"product_cat-sautoirs","8":"product_tag-perles-de-culture","9":"product_tag-sautoir","10":"product_tag-sautoir-plaque-or","11":"product_tag-zirconium","13":"first","14":"instock","15":"shipping-taxable","16":"purchasable","17":"product-type-simple"},"_links":{"self":[{"href":"https:\/\/www.sylviebiollu.com\/site\/wp-json\/wp\/v2\/product\/11930","targetHints":{"allow":["GET"]}}],"collection":[{"href":"https:\/\/www.sylviebiollu.com\/site\/wp-json\/wp\/v2\/product"}],"about":[{"href":"https:\/\/www.sylviebiollu.com\/site\/wp-json\/wp\/v2\/types\/product"}],"replies":[{"embeddable":true,"href":"https:\/\/www.sylviebiollu.com\/site\/wp-json\/wp\/v2\/comments?post=11930"}],"version-history":[{"count":0,"href":"https:\/\/www.sylviebiollu.com\/site\/wp-json\/wp\/v2\/product\/11930\/revisions"}],"wp:featuredmedia":[{"embeddable":true,"href":"https:\/\/www.sylviebiollu.com\/site\/wp-json\/wp\/v2\/media\/11927"}],"wp:attachment":[{"href":"https:\/\/www.sylviebiollu.com\/site\/wp-json\/wp\/v2\/media?parent=11930"}],"wp:term":[{"taxonomy":"product_brand","embeddable":true,"href":"https:\/\/www.sylviebiollu.com\/site\/wp-json\/wp\/v2\/product_brand?post=11930"},{"taxonomy":"product_cat","embeddable":true,"href":"https:\/\/www.sylviebiollu.com\/site\/wp-json\/wp\/v2\/product_cat?post=11930"},{"taxonomy":"product_tag","embeddable":true,"href":"https:\/\/www.sylviebiollu.com\/site\/wp-json\/wp\/v2\/product_tag?post=11930"}],"curies":[{"name":"wp","href":"https:\/\/api.w.org\/{rel}","templated":true}]}}