{"id":11902,"date":"2025-12-03T14:59:44","date_gmt":"2025-12-03T13:59:44","guid":{"rendered":"https:\/\/www.sylviebiollu.com\/site\/bracelet-manon\/"},"modified":"2025-12-03T14:59:49","modified_gmt":"2025-12-03T13:59:49","slug":"bracelet-manon","status":"publish","type":"product","link":"https:\/\/www.sylviebiollu.com\/site\/bracelet-manon\/","title":{"rendered":"Bracelet Manon"},"content":{"rendered":"<p><strong>Ce bracelet r\u00e9glable en macram\u00e9 gris orage est orn\u00e9 d\u2019une nacre Tahiti tr\u00e8fle fleur de couleur grise  , d\u2019une perle centrale en argent et d\u2019une perle en onyx.<\/strong><\/p>\n","protected":false},"excerpt":{"rendered":"<p>Ce bracelet r\u00e9glable en macram\u00e9 gris orage est orn\u00e9 d\u2019une nacre Tahiti tr\u00e8fle fleur de couleur grise , d\u2019une perle centrale en argent et d\u2019une perle en onyx.<\/p>\n","protected":false},"featured_media":11900,"comment_status":"open","ping_status":"closed","template":"","meta":[],"product_brand":[],"product_cat":[116,10],"product_tag":[588,125,505,454,188,404],"class_list":{"0":"post-11902","1":"product","2":"type-product","3":"status-publish","4":"has-post-thumbnail","6":"product_cat-nouveautes","7":"product_cat-bracelets","8":"product_tag-4-feuilles","9":"product_tag-argent","10":"product_tag-bracelet-macrame","11":"product_tag-nacre-de-tahiti","12":"product_tag-onyx","13":"product_tag-trefle-a-4-feuilles","15":"first","16":"instock","17":"shipping-taxable","18":"purchasable","19":"product-type-simple"},"_links":{"self":[{"href":"https:\/\/www.sylviebiollu.com\/site\/wp-json\/wp\/v2\/product\/11902","targetHints":{"allow":["GET"]}}],"collection":[{"href":"https:\/\/www.sylviebiollu.com\/site\/wp-json\/wp\/v2\/product"}],"about":[{"href":"https:\/\/www.sylviebiollu.com\/site\/wp-json\/wp\/v2\/types\/product"}],"replies":[{"embeddable":true,"href":"https:\/\/www.sylviebiollu.com\/site\/wp-json\/wp\/v2\/comments?post=11902"}],"version-history":[{"count":0,"href":"https:\/\/www.sylviebiollu.com\/site\/wp-json\/wp\/v2\/product\/11902\/revisions"}],"wp:featuredmedia":[{"embeddable":true,"href":"https:\/\/www.sylviebiollu.com\/site\/wp-json\/wp\/v2\/media\/11900"}],"wp:attachment":[{"href":"https:\/\/www.sylviebiollu.com\/site\/wp-json\/wp\/v2\/media?parent=11902"}],"wp:term":[{"taxonomy":"product_brand","embeddable":true,"href":"https:\/\/www.sylviebiollu.com\/site\/wp-json\/wp\/v2\/product_brand?post=11902"},{"taxonomy":"product_cat","embeddable":true,"href":"https:\/\/www.sylviebiollu.com\/site\/wp-json\/wp\/v2\/product_cat?post=11902"},{"taxonomy":"product_tag","embeddable":true,"href":"https:\/\/www.sylviebiollu.com\/site\/wp-json\/wp\/v2\/product_tag?post=11902"}],"curies":[{"name":"wp","href":"https:\/\/api.w.org\/{rel}","templated":true}]}}