{"id":11790,"date":"2025-12-02T20:23:36","date_gmt":"2025-12-02T19:23:36","guid":{"rendered":"https:\/\/www.sylviebiollu.com\/site\/boucles-doreille-saturday-night\/"},"modified":"2025-12-02T20:35:39","modified_gmt":"2025-12-02T19:35:39","slug":"boucles-doreille-saturday-night","status":"publish","type":"product","link":"https:\/\/www.sylviebiollu.com\/site\/boucles-doreille-saturday-night\/","title":{"rendered":"Boucles d\u2019oreille Saturday night"},"content":{"rendered":"<p><strong>Boucles d&#8217;oreilles, fantaisie en laiton trait\u00e9 , ac\u00e9tate paillet\u00e9 noir et zirconiums noirs <\/strong><\/p>\n","protected":false},"excerpt":{"rendered":"<p><strong>Boucles d&#8217;oreilles fantaisie dor\u00e9es longueur 7 cm<\/strong><\/p>\n","protected":false},"featured_media":11788,"comment_status":"open","ping_status":"closed","template":"","meta":[],"product_brand":[],"product_cat":[116],"product_tag":[531,504,537],"class_list":{"0":"post-11790","1":"product","2":"type-product","3":"status-publish","4":"has-post-thumbnail","6":"product_cat-nouveautes","7":"product_tag-boucles-doreilles-fantaisie","8":"product_tag-boucles-doreilles-longues","9":"product_tag-boucles-dorees","11":"first","12":"instock","13":"shipping-taxable","14":"purchasable","15":"product-type-simple"},"_links":{"self":[{"href":"https:\/\/www.sylviebiollu.com\/site\/wp-json\/wp\/v2\/product\/11790","targetHints":{"allow":["GET"]}}],"collection":[{"href":"https:\/\/www.sylviebiollu.com\/site\/wp-json\/wp\/v2\/product"}],"about":[{"href":"https:\/\/www.sylviebiollu.com\/site\/wp-json\/wp\/v2\/types\/product"}],"replies":[{"embeddable":true,"href":"https:\/\/www.sylviebiollu.com\/site\/wp-json\/wp\/v2\/comments?post=11790"}],"version-history":[{"count":1,"href":"https:\/\/www.sylviebiollu.com\/site\/wp-json\/wp\/v2\/product\/11790\/revisions"}],"predecessor-version":[{"id":11796,"href":"https:\/\/www.sylviebiollu.com\/site\/wp-json\/wp\/v2\/product\/11790\/revisions\/11796"}],"wp:featuredmedia":[{"embeddable":true,"href":"https:\/\/www.sylviebiollu.com\/site\/wp-json\/wp\/v2\/media\/11788"}],"wp:attachment":[{"href":"https:\/\/www.sylviebiollu.com\/site\/wp-json\/wp\/v2\/media?parent=11790"}],"wp:term":[{"taxonomy":"product_brand","embeddable":true,"href":"https:\/\/www.sylviebiollu.com\/site\/wp-json\/wp\/v2\/product_brand?post=11790"},{"taxonomy":"product_cat","embeddable":true,"href":"https:\/\/www.sylviebiollu.com\/site\/wp-json\/wp\/v2\/product_cat?post=11790"},{"taxonomy":"product_tag","embeddable":true,"href":"https:\/\/www.sylviebiollu.com\/site\/wp-json\/wp\/v2\/product_tag?post=11790"}],"curies":[{"name":"wp","href":"https:\/\/api.w.org\/{rel}","templated":true}]}}