{"id":11784,"date":"2025-12-02T19:34:25","date_gmt":"2025-12-02T18:34:25","guid":{"rendered":"https:\/\/www.sylviebiollu.com\/site\/sautoir-sylvine\/"},"modified":"2025-12-03T15:00:59","modified_gmt":"2025-12-03T14:00:59","slug":"sautoir-sylvine","status":"publish","type":"product","link":"https:\/\/www.sylviebiollu.com\/site\/sautoir-sylvine\/","title":{"rendered":"Sautoir Sylvine"},"content":{"rendered":"<p><strong>Sautoir \ufffclongueur totale 75 cm orn\u00e9 de perles de culture, tr\u00e8fles en nacre blanche naturelle, Agates et Cristaux , cha\u00eene en acier inoxydable, montage pierres  et cristaux pouvant varier selon une jolie organisation.<\/strong><\/p>\n","protected":false},"excerpt":{"rendered":"<p>Sautoir \ufffclongueur totale 75 cm orn\u00e9 de perles de culture, tr\u00e8fles en nacre blanche naturelle, Agates et Cristaux , cha\u00eene en acier inoxydable, montage pierres et cristaux pouvant varier selon une jolie organisation.<\/p>\n","protected":false},"featured_media":11782,"comment_status":"open","ping_status":"closed","template":"","meta":[],"product_brand":[],"product_cat":[116,8],"product_tag":[156,151,490,511,251,538],"class_list":{"0":"post-11784","1":"product","2":"type-product","3":"status-publish","4":"has-post-thumbnail","6":"product_cat-nouveautes","7":"product_cat-sautoirs","8":"product_tag-agate","9":"product_tag-cristal","10":"product_tag-motif-trefle","11":"product_tag-nacre-blanche","12":"product_tag-perle-de-culture","13":"product_tag-sautoir-fantaisie","15":"first","16":"instock","17":"shipping-taxable","18":"purchasable","19":"product-type-simple"},"_links":{"self":[{"href":"https:\/\/www.sylviebiollu.com\/site\/wp-json\/wp\/v2\/product\/11784","targetHints":{"allow":["GET"]}}],"collection":[{"href":"https:\/\/www.sylviebiollu.com\/site\/wp-json\/wp\/v2\/product"}],"about":[{"href":"https:\/\/www.sylviebiollu.com\/site\/wp-json\/wp\/v2\/types\/product"}],"replies":[{"embeddable":true,"href":"https:\/\/www.sylviebiollu.com\/site\/wp-json\/wp\/v2\/comments?post=11784"}],"version-history":[{"count":0,"href":"https:\/\/www.sylviebiollu.com\/site\/wp-json\/wp\/v2\/product\/11784\/revisions"}],"wp:featuredmedia":[{"embeddable":true,"href":"https:\/\/www.sylviebiollu.com\/site\/wp-json\/wp\/v2\/media\/11782"}],"wp:attachment":[{"href":"https:\/\/www.sylviebiollu.com\/site\/wp-json\/wp\/v2\/media?parent=11784"}],"wp:term":[{"taxonomy":"product_brand","embeddable":true,"href":"https:\/\/www.sylviebiollu.com\/site\/wp-json\/wp\/v2\/product_brand?post=11784"},{"taxonomy":"product_cat","embeddable":true,"href":"https:\/\/www.sylviebiollu.com\/site\/wp-json\/wp\/v2\/product_cat?post=11784"},{"taxonomy":"product_tag","embeddable":true,"href":"https:\/\/www.sylviebiollu.com\/site\/wp-json\/wp\/v2\/product_tag?post=11784"}],"curies":[{"name":"wp","href":"https:\/\/api.w.org\/{rel}","templated":true}]}}