{"id":11591,"date":"2025-03-10T11:51:19","date_gmt":"2025-03-10T10:51:19","guid":{"rendered":"https:\/\/www.sylviebiollu.com\/site\/boucles-doreilles-dorees-soleil\/"},"modified":"2025-03-10T11:51:23","modified_gmt":"2025-03-10T10:51:23","slug":"boucles-doreilles-dorees-soleil","status":"publish","type":"product","link":"https:\/\/www.sylviebiollu.com\/site\/boucles-doreilles-dorees-soleil\/","title":{"rendered":"Boucles d\u2019oreilles dor\u00e9es soleil"},"content":{"rendered":"<p><strong>Boucles d&#8217;oreilles fantaisie en acier dor\u00e9,  \u00e9ventail soleil diam\u00e8tre 38 mm longueur totale 50 mm <\/strong><\/p>\n","protected":false},"excerpt":{"rendered":"<p>Boucles d&#8217;oreilles fantaisie en acier dor\u00e9, \u00e9ventail soleil diam\u00e8tre 38 mm longueur totale 50 mm<\/p>\n","protected":false},"featured_media":11587,"comment_status":"open","ping_status":"closed","template":"","meta":[],"product_brand":[],"product_cat":[116,9],"product_tag":[429,531,537,550,453],"class_list":{"0":"post-11591","1":"product","2":"type-product","3":"status-publish","4":"has-post-thumbnail","6":"product_cat-nouveautes","7":"product_cat-boucles-oreilles","8":"product_tag-acier-traite","9":"product_tag-boucles-doreilles-fantaisie","10":"product_tag-boucles-dorees","11":"product_tag-doree","12":"product_tag-evantail","14":"first","15":"instock","16":"shipping-taxable","17":"purchasable","18":"product-type-simple"},"_links":{"self":[{"href":"https:\/\/www.sylviebiollu.com\/site\/wp-json\/wp\/v2\/product\/11591","targetHints":{"allow":["GET"]}}],"collection":[{"href":"https:\/\/www.sylviebiollu.com\/site\/wp-json\/wp\/v2\/product"}],"about":[{"href":"https:\/\/www.sylviebiollu.com\/site\/wp-json\/wp\/v2\/types\/product"}],"replies":[{"embeddable":true,"href":"https:\/\/www.sylviebiollu.com\/site\/wp-json\/wp\/v2\/comments?post=11591"}],"version-history":[{"count":0,"href":"https:\/\/www.sylviebiollu.com\/site\/wp-json\/wp\/v2\/product\/11591\/revisions"}],"wp:featuredmedia":[{"embeddable":true,"href":"https:\/\/www.sylviebiollu.com\/site\/wp-json\/wp\/v2\/media\/11587"}],"wp:attachment":[{"href":"https:\/\/www.sylviebiollu.com\/site\/wp-json\/wp\/v2\/media?parent=11591"}],"wp:term":[{"taxonomy":"product_brand","embeddable":true,"href":"https:\/\/www.sylviebiollu.com\/site\/wp-json\/wp\/v2\/product_brand?post=11591"},{"taxonomy":"product_cat","embeddable":true,"href":"https:\/\/www.sylviebiollu.com\/site\/wp-json\/wp\/v2\/product_cat?post=11591"},{"taxonomy":"product_tag","embeddable":true,"href":"https:\/\/www.sylviebiollu.com\/site\/wp-json\/wp\/v2\/product_tag?post=11591"}],"curies":[{"name":"wp","href":"https:\/\/api.w.org\/{rel}","templated":true}]}}