{"id":10799,"date":"2023-09-18T16:24:49","date_gmt":"2023-09-18T14:24:49","guid":{"rendered":"https:\/\/www.sylviebiollu.com\/site\/?post_type=product&#038;p=10799"},"modified":"2023-10-05T16:32:21","modified_gmt":"2023-10-05T14:32:21","slug":"sautoir-celine","status":"publish","type":"product","link":"https:\/\/www.sylviebiollu.com\/site\/sautoir-celine\/","title":{"rendered":"Sautoir C\u00e9line"},"content":{"rendered":"","protected":false},"excerpt":{"rendered":"<h2>Sautoir plaqu\u00e9 or C\u00e9line, avec une feuille en nacre de Nautilus<\/h2>\n<h2><strong>Description<\/strong>\u00a0:<\/h2>\n<ul>\n<li>Chaine en <strong>plaqu\u00e9 or<\/strong><\/li>\n<li>Pendentif compos\u00e9 d\u2019une goutte cisel\u00e9e, d&#8217;une feuille en <strong>nacre de nautilus poudre<\/strong>, d&#8217;une mini feuille dor\u00e9e et d&#8217;une fle<strong>ur en nacre de Californie<\/strong><\/li>\n<li>Chaine de longueur 60 cm et pendentif de longueur totale 7 cm<\/li>\n<li>Feuille en nacre 25 mm<\/li>\n<\/ul>\n","protected":false},"featured_media":10800,"comment_status":"closed","ping_status":"closed","template":"","meta":[],"product_brand":[],"product_cat":[116,9,8],"product_tag":[436,139,387,123,435,128,434],"class_list":{"0":"post-10799","1":"product","2":"type-product","3":"status-publish","4":"has-post-thumbnail","6":"product_cat-nouveautes","7":"product_cat-boucles-oreilles","8":"product_cat-sautoirs","9":"product_tag-chaine","10":"product_tag-feuille","11":"product_tag-fleur","12":"product_tag-nacre","13":"product_tag-nautilus","14":"product_tag-plaque-or","15":"product_tag-sautoir","17":"first","18":"instock","19":"shipping-taxable","20":"purchasable","21":"product-type-simple"},"_links":{"self":[{"href":"https:\/\/www.sylviebiollu.com\/site\/wp-json\/wp\/v2\/product\/10799","targetHints":{"allow":["GET"]}}],"collection":[{"href":"https:\/\/www.sylviebiollu.com\/site\/wp-json\/wp\/v2\/product"}],"about":[{"href":"https:\/\/www.sylviebiollu.com\/site\/wp-json\/wp\/v2\/types\/product"}],"replies":[{"embeddable":true,"href":"https:\/\/www.sylviebiollu.com\/site\/wp-json\/wp\/v2\/comments?post=10799"}],"version-history":[{"count":3,"href":"https:\/\/www.sylviebiollu.com\/site\/wp-json\/wp\/v2\/product\/10799\/revisions"}],"predecessor-version":[{"id":10883,"href":"https:\/\/www.sylviebiollu.com\/site\/wp-json\/wp\/v2\/product\/10799\/revisions\/10883"}],"wp:featuredmedia":[{"embeddable":true,"href":"https:\/\/www.sylviebiollu.com\/site\/wp-json\/wp\/v2\/media\/10800"}],"wp:attachment":[{"href":"https:\/\/www.sylviebiollu.com\/site\/wp-json\/wp\/v2\/media?parent=10799"}],"wp:term":[{"taxonomy":"product_brand","embeddable":true,"href":"https:\/\/www.sylviebiollu.com\/site\/wp-json\/wp\/v2\/product_brand?post=10799"},{"taxonomy":"product_cat","embeddable":true,"href":"https:\/\/www.sylviebiollu.com\/site\/wp-json\/wp\/v2\/product_cat?post=10799"},{"taxonomy":"product_tag","embeddable":true,"href":"https:\/\/www.sylviebiollu.com\/site\/wp-json\/wp\/v2\/product_tag?post=10799"}],"curies":[{"name":"wp","href":"https:\/\/api.w.org\/{rel}","templated":true}]}}