{"id":10068,"date":"2022-11-04T17:04:54","date_gmt":"2022-11-04T16:04:54","guid":{"rendered":"https:\/\/www.sylviebiollu.com\/site\/?post_type=product&#038;p=10068"},"modified":"2024-04-23T11:34:23","modified_gmt":"2024-04-23T09:34:23","slug":"collier-plaque-or-mon-etoile-42cm","status":"publish","type":"product","link":"https:\/\/www.sylviebiollu.com\/site\/collier-plaque-or-mon-etoile-42cm\/","title":{"rendered":"Collier plaqu\u00e9 or Mon Etoile 42cm"},"content":{"rendered":"","protected":false},"excerpt":{"rendered":"<h2>Collier plaqu\u00e9 or avec chaine de longueur 42 cm, pi\u00e8ce en nacre.<\/h2>\n<h2><span style=\"color: #333333;font-size: 1rem\">Ornements : pendentif compos\u00e9 de deux parties, une pi\u00e8ce de nacre de 15 mm et un petit pendentif motif \u00e9toile de 8 mm.<\/span><\/h2>\n","protected":false},"featured_media":10069,"comment_status":"closed","ping_status":"closed","template":"","meta":[],"product_brand":[383],"product_cat":[6],"product_tag":[123,128],"class_list":{"0":"post-10068","1":"product","2":"type-product","3":"status-publish","4":"has-post-thumbnail","6":"product_brand-sylvie-biollu","7":"product_cat-colliers","8":"product_tag-nacre","9":"product_tag-plaque-or","11":"first","12":"instock","13":"shipping-taxable","14":"purchasable","15":"product-type-simple"},"_links":{"self":[{"href":"https:\/\/www.sylviebiollu.com\/site\/wp-json\/wp\/v2\/product\/10068","targetHints":{"allow":["GET"]}}],"collection":[{"href":"https:\/\/www.sylviebiollu.com\/site\/wp-json\/wp\/v2\/product"}],"about":[{"href":"https:\/\/www.sylviebiollu.com\/site\/wp-json\/wp\/v2\/types\/product"}],"replies":[{"embeddable":true,"href":"https:\/\/www.sylviebiollu.com\/site\/wp-json\/wp\/v2\/comments?post=10068"}],"version-history":[{"count":3,"href":"https:\/\/www.sylviebiollu.com\/site\/wp-json\/wp\/v2\/product\/10068\/revisions"}],"predecessor-version":[{"id":10072,"href":"https:\/\/www.sylviebiollu.com\/site\/wp-json\/wp\/v2\/product\/10068\/revisions\/10072"}],"wp:featuredmedia":[{"embeddable":true,"href":"https:\/\/www.sylviebiollu.com\/site\/wp-json\/wp\/v2\/media\/10069"}],"wp:attachment":[{"href":"https:\/\/www.sylviebiollu.com\/site\/wp-json\/wp\/v2\/media?parent=10068"}],"wp:term":[{"taxonomy":"product_brand","embeddable":true,"href":"https:\/\/www.sylviebiollu.com\/site\/wp-json\/wp\/v2\/product_brand?post=10068"},{"taxonomy":"product_cat","embeddable":true,"href":"https:\/\/www.sylviebiollu.com\/site\/wp-json\/wp\/v2\/product_cat?post=10068"},{"taxonomy":"product_tag","embeddable":true,"href":"https:\/\/www.sylviebiollu.com\/site\/wp-json\/wp\/v2\/product_tag?post=10068"}],"curies":[{"name":"wp","href":"https:\/\/api.w.org\/{rel}","templated":true}]}}

Collier plaqué or Mon Etoile 42cm

<h2>Collier plaqué or avec chaine de longueur 42 cm, pièce en nacre.</h2>
<h2><span style="color: #333333;font-size: 1rem">Ornements : pendentif composé de deux parties, une pièce de nacre de 15 mm et un petit pendentif motif étoile de 8 mm.</span></h2>
